{"id":38926,"date":"2025-08-14T14:16:58","date_gmt":"2025-08-14T12:16:58","guid":{"rendered":"https:\/\/srfb.be\/?post_type=event_listing&#038;p=38926"},"modified":"2025-10-13T00:35:57","modified_gmt":"2025-10-12T22:35:57","slug":"sortie-nature-art-foret-terroir-12-10-2025","status":"expired","type":"event_listing","link":"https:\/\/kbbm.be\/nl\/old-formations\/sortie-nature-art-foret-terroir-12-10-2025\/","title":{"rendered":"Natuuruitstapje \"Art-Forest-Terroir"},"content":{"rendered":"<p>Activiteit voor alle leeftijden van ongeveer 1,5 km. Tussen kunst, bos en streekproducten, kom meer te weten over de boswereld. De dag zal met name ingaan op het multifunctioneel beheer van het bos in het kader van klimaatverandering... Zonder de gezellige omelet achterwege te laten!\u00a0<\/p>\n\n\n\n<p>Gedetailleerd programma van de dag en reservering bij de gids: <a href=\"mailto:louis.georges@skynet.be\">louis.georges@skynet.be<\/a>\u00a0<\/p>\n\n\n\n<p>Reserveren noodzakelijk (max 25 personen), kleding aangepast aan het weer, toegankelijk voor mindervaliden, hond discreet en aangelijnd. Programma wordt na inschrijving gestuurd met de ingredi\u00ebnten die meegenomen moeten worden voor de omelet.&nbsp;<\/p>\n\n\n\n<p>De Koninklijke Belgische Bosbouwmaatschappij (KBBM) is een non-profitorganisatie die zich inzet voor bossen en bosbouwers. Haar Forest Friends-projecten zijn gericht op het grote publiek dat de bosomgeving wil leren kennen. De vrijwillige bosgidsen van de KBBM helpen je het bos te ontdekken als bron van leven, in nauw contact met de mens.\u00a0<\/p>\n\n\n\n<div class=\"wp-block-group has-grey-color-background-color has-background is-layout-constrained wp-container-core-group-is-layout-db32e940 wp-block-group-is-layout-constrained\" style=\"padding-top:var(--wp--preset--spacing--60);padding-right:var(--wp--preset--spacing--60);padding-bottom:var(--wp--preset--spacing--60);padding-left:var(--wp--preset--spacing--60);font-style:normal;font-weight:700\">\n<p class=\"has-text-align-center\">Deze activiteit maakt deel uit van het Festival International Nature Namur: <a href=\"https:\/\/www.festivalnaturenamur.be\/\" target=\"_blank\" rel=\"noreferrer noopener\">https:\/\/www.festivalnaturenamur.be\/<\/a>\u00a0<\/p>\n\n\n\n<p class=\"has-text-align-center\">Boekingen : <a href=\"mailto:louis.georges@skynet.be\" target=\"_blank\" rel=\"noreferrer noopener\">louis.georges@skynet.be<\/a>\u00a0<\/p>\n<\/div>","protected":false},"featured_media":7750,"template":"","meta":{"iawp_total_views":63},"event_listing_category":[732],"event_listing_type":[740],"class_list":["post-38926","event_listing","type-event_listing","status-expired","has-post-thumbnail","hentry","event_listing_category-forest-friends","event_listing_type-balade-guidee"],"yoast_head":"<!-- This site is optimized with the Yoast SEO plugin v27.4 - https:\/\/yoast.com\/product\/yoast-seo-wordpress\/ -->\n<title>Sortie nature &quot;Art-For\u00eat-Terroir&quot; - Soci\u00e9t\u00e9 Royale Foresti\u00e8re de Belgique<\/title>\n<meta name=\"robots\" content=\"index, follow, max-snippet:-1, max-image-preview:large, max-video-preview:-1\" \/>\n<link rel=\"canonical\" href=\"https:\/\/srfb.be\/formations\/sortie-nature-art-foret-terroir-12-10-2025\/\" \/>\n<meta property=\"og:locale\" content=\"nl_BE\" \/>\n<meta property=\"og:type\" content=\"article\" \/>\n<meta property=\"og:title\" content=\"Sortie nature &quot;Art-For\u00eat-Terroir&quot; - Soci\u00e9t\u00e9 Royale Foresti\u00e8re de Belgique\" \/>\n<meta property=\"og:description\" content=\"Balade tout public d&rsquo;environ 1,5 km. Entre art, for\u00eat et terroir, venez en apprendre plus sur le monde forestier. La journ\u00e9e abordera notamment la gestion multifonctionnelle de la for\u00eat en pr\u00e9vision des changements climatiques&#8230; Sans oublier une omelette \u00e0 d\u00e9guster de mani\u00e8re conviviale !\u00a0 Programme d\u00e9taill\u00e9 de la journ\u00e9e et r\u00e9servation aupr\u00e8s du guide :... Read More\" \/>\n<meta property=\"og:url\" content=\"https:\/\/srfb.be\/formations\/sortie-nature-art-foret-terroir-12-10-2025\/\" \/>\n<meta property=\"og:site_name\" content=\"Soci\u00e9t\u00e9 Royale Foresti\u00e8re de Belgique\" \/>\n<meta property=\"article:publisher\" content=\"https:\/\/www.facebook.com\/srfb.be\" \/>\n<meta property=\"article:modified_time\" content=\"2025-10-12T22:35:57+00:00\" \/>\n<meta property=\"og:image\" content=\"https:\/\/srfb.be\/wp-content\/uploads\/2019\/07\/logo_finn_1a93e.jpg\" \/>\n\t<meta property=\"og:image:width\" content=\"1024\" \/>\n\t<meta property=\"og:image:height\" content=\"576\" \/>\n\t<meta property=\"og:image:type\" content=\"image\/jpeg\" \/>\n<script type=\"application\/ld+json\" class=\"yoast-schema-graph\">{\"@context\":\"https:\\\/\\\/schema.org\",\"@graph\":[{\"@type\":\"WebPage\",\"@id\":\"https:\\\/\\\/srfb.be\\\/formations\\\/sortie-nature-art-foret-terroir-12-10-2025\\\/\",\"url\":\"https:\\\/\\\/srfb.be\\\/formations\\\/sortie-nature-art-foret-terroir-12-10-2025\\\/\",\"name\":\"Sortie nature \\\"Art-For\u00eat-Terroir\\\" - Soci\u00e9t\u00e9 Royale Foresti\u00e8re de Belgique\",\"isPartOf\":{\"@id\":\"https:\\\/\\\/srfb.be\\\/#website\"},\"primaryImageOfPage\":{\"@id\":\"https:\\\/\\\/srfb.be\\\/formations\\\/sortie-nature-art-foret-terroir-12-10-2025\\\/#primaryimage\"},\"image\":{\"@id\":\"https:\\\/\\\/srfb.be\\\/formations\\\/sortie-nature-art-foret-terroir-12-10-2025\\\/#primaryimage\"},\"thumbnailUrl\":\"https:\\\/\\\/kbbm.be\\\/wp-content\\\/uploads\\\/2019\\\/07\\\/logo_finn_1a93e.jpg\",\"datePublished\":\"2025-08-14T12:16:58+00:00\",\"dateModified\":\"2025-10-12T22:35:57+00:00\",\"breadcrumb\":{\"@id\":\"https:\\\/\\\/srfb.be\\\/formations\\\/sortie-nature-art-foret-terroir-12-10-2025\\\/#breadcrumb\"},\"inLanguage\":\"nl-BE\",\"potentialAction\":[{\"@type\":\"ReadAction\",\"target\":[\"https:\\\/\\\/srfb.be\\\/formations\\\/sortie-nature-art-foret-terroir-12-10-2025\\\/\"]}]},{\"@type\":\"ImageObject\",\"inLanguage\":\"nl-BE\",\"@id\":\"https:\\\/\\\/srfb.be\\\/formations\\\/sortie-nature-art-foret-terroir-12-10-2025\\\/#primaryimage\",\"url\":\"https:\\\/\\\/kbbm.be\\\/wp-content\\\/uploads\\\/2019\\\/07\\\/logo_finn_1a93e.jpg\",\"contentUrl\":\"https:\\\/\\\/kbbm.be\\\/wp-content\\\/uploads\\\/2019\\\/07\\\/logo_finn_1a93e.jpg\",\"width\":1024,\"height\":576,\"caption\":\"Festival International Nature Namur (FINN)\"},{\"@type\":\"BreadcrumbList\",\"@id\":\"https:\\\/\\\/srfb.be\\\/formations\\\/sortie-nature-art-foret-terroir-12-10-2025\\\/#breadcrumb\",\"itemListElement\":[{\"@type\":\"ListItem\",\"position\":1,\"name\":\"Accueil\",\"item\":\"https:\\\/\\\/srfb.be\\\/\"},{\"@type\":\"ListItem\",\"position\":2,\"name\":\"Sortie nature \u00ab\u00a0Art-For\u00eat-Terroir\u00a0\u00bb\"}]},{\"@type\":\"WebSite\",\"@id\":\"https:\\\/\\\/srfb.be\\\/#website\",\"url\":\"https:\\\/\\\/srfb.be\\\/\",\"name\":\"Soci\u00e9t\u00e9 Royale Foresti\u00e8re de Belgique\",\"description\":\"Au service de la for\u00eat et des forestiers\",\"publisher\":{\"@id\":\"https:\\\/\\\/srfb.be\\\/#organization\"},\"alternateName\":\"SRFB-KBBM\",\"potentialAction\":[{\"@type\":\"SearchAction\",\"target\":{\"@type\":\"EntryPoint\",\"urlTemplate\":\"https:\\\/\\\/srfb.be\\\/?s={search_term_string}\"},\"query-input\":{\"@type\":\"PropertyValueSpecification\",\"valueRequired\":true,\"valueName\":\"search_term_string\"}}],\"inLanguage\":\"nl-BE\"},{\"@type\":\"Organization\",\"@id\":\"https:\\\/\\\/srfb.be\\\/#organization\",\"name\":\"Soci\u00e9t\u00e9 Royale Foresti\u00e8re De Belgique - Koninklijke Belgische Bosbouwmaatschappij\",\"alternateName\":\"SRFB-KBBM\",\"url\":\"https:\\\/\\\/srfb.be\\\/\",\"logo\":{\"@type\":\"ImageObject\",\"inLanguage\":\"nl-BE\",\"@id\":\"https:\\\/\\\/srfb.be\\\/#\\\/schema\\\/logo\\\/image\\\/\",\"url\":\"https:\\\/\\\/srfb.be\\\/wp-content\\\/uploads\\\/2019\\\/06\\\/android-chrome-256x256.png\",\"contentUrl\":\"https:\\\/\\\/srfb.be\\\/wp-content\\\/uploads\\\/2019\\\/06\\\/android-chrome-256x256.png\",\"width\":1200,\"height\":1232,\"caption\":\"Soci\u00e9t\u00e9 Royale Foresti\u00e8re De Belgique - Koninklijke Belgische Bosbouwmaatschappij\"},\"image\":{\"@id\":\"https:\\\/\\\/srfb.be\\\/#\\\/schema\\\/logo\\\/image\\\/\"},\"sameAs\":[\"https:\\\/\\\/www.facebook.com\\\/srfb.be\",\"https:\\\/\\\/www.instagram.com\\\/srfb_kbbm\\\/\",\"https:\\\/\\\/www.linkedin.com\\\/company\\\/srfb-kbbm\\\/\",\"https:\\\/\\\/www.youtube.com\\\/user\\\/srfbkbbm\"]}]}<\/script>\n<!-- \/ Yoast SEO plugin. -->","yoast_head_json":{"title":"Natuuruitstap \"Bos-Land-Kunst\" - Koninklijke Belgische Bosbouwmaatschappij","robots":{"index":"index","follow":"follow","max-snippet":"max-snippet:-1","max-image-preview":"max-image-preview:large","max-video-preview":"max-video-preview:-1"},"canonical":"https:\/\/srfb.be\/formations\/sortie-nature-art-foret-terroir-12-10-2025\/","og_locale":"nl_BE","og_type":"article","og_title":"Sortie nature \"Art-For\u00eat-Terroir\" - Soci\u00e9t\u00e9 Royale Foresti\u00e8re de Belgique","og_description":"Balade tout public d&rsquo;environ 1,5 km. Entre art, for\u00eat et terroir, venez en apprendre plus sur le monde forestier. La journ\u00e9e abordera notamment la gestion multifonctionnelle de la for\u00eat en pr\u00e9vision des changements climatiques&#8230; Sans oublier une omelette \u00e0 d\u00e9guster de mani\u00e8re conviviale !\u00a0 Programme d\u00e9taill\u00e9 de la journ\u00e9e et r\u00e9servation aupr\u00e8s du guide :... Read More","og_url":"https:\/\/srfb.be\/formations\/sortie-nature-art-foret-terroir-12-10-2025\/","og_site_name":"Soci\u00e9t\u00e9 Royale Foresti\u00e8re de Belgique","article_publisher":"https:\/\/www.facebook.com\/srfb.be","article_modified_time":"2025-10-12T22:35:57+00:00","og_image":[{"width":1024,"height":576,"url":"https:\/\/srfb.be\/wp-content\/uploads\/2019\/07\/logo_finn_1a93e.jpg","type":"image\/jpeg"}],"schema":{"@context":"https:\/\/schema.org","@graph":[{"@type":"WebPage","@id":"https:\/\/srfb.be\/formations\/sortie-nature-art-foret-terroir-12-10-2025\/","url":"https:\/\/srfb.be\/formations\/sortie-nature-art-foret-terroir-12-10-2025\/","name":"Natuuruitstap \"Bos-Land-Kunst\" - Koninklijke Belgische Bosbouwmaatschappij","isPartOf":{"@id":"https:\/\/srfb.be\/#website"},"primaryImageOfPage":{"@id":"https:\/\/srfb.be\/formations\/sortie-nature-art-foret-terroir-12-10-2025\/#primaryimage"},"image":{"@id":"https:\/\/srfb.be\/formations\/sortie-nature-art-foret-terroir-12-10-2025\/#primaryimage"},"thumbnailUrl":"https:\/\/kbbm.be\/wp-content\/uploads\/2019\/07\/logo_finn_1a93e.jpg","datePublished":"2025-08-14T12:16:58+00:00","dateModified":"2025-10-12T22:35:57+00:00","breadcrumb":{"@id":"https:\/\/srfb.be\/formations\/sortie-nature-art-foret-terroir-12-10-2025\/#breadcrumb"},"inLanguage":"nl-BE","potentialAction":[{"@type":"ReadAction","target":["https:\/\/srfb.be\/formations\/sortie-nature-art-foret-terroir-12-10-2025\/"]}]},{"@type":"ImageObject","inLanguage":"nl-BE","@id":"https:\/\/srfb.be\/formations\/sortie-nature-art-foret-terroir-12-10-2025\/#primaryimage","url":"https:\/\/kbbm.be\/wp-content\/uploads\/2019\/07\/logo_finn_1a93e.jpg","contentUrl":"https:\/\/kbbm.be\/wp-content\/uploads\/2019\/07\/logo_finn_1a93e.jpg","width":1024,"height":576,"caption":"Festival International Nature Namur (FINN)"},{"@type":"BreadcrumbList","@id":"https:\/\/srfb.be\/formations\/sortie-nature-art-foret-terroir-12-10-2025\/#breadcrumb","itemListElement":[{"@type":"ListItem","position":1,"name":"Accueil","item":"https:\/\/srfb.be\/"},{"@type":"ListItem","position":2,"name":"Sortie nature \u00ab\u00a0Art-For\u00eat-Terroir\u00a0\u00bb"}]},{"@type":"WebSite","@id":"https:\/\/srfb.be\/#website","url":"https:\/\/srfb.be\/","name":"Koninklijke Belgische Bosbouwmaatschappij","description":"Ten dienste van het bos en de bosbouwers","publisher":{"@id":"https:\/\/srfb.be\/#organization"},"alternateName":"SRFB-KBBM","potentialAction":[{"@type":"SearchAction","target":{"@type":"EntryPoint","urlTemplate":"https:\/\/srfb.be\/?s={search_term_string}"},"query-input":{"@type":"PropertyValueSpecification","valueRequired":true,"valueName":"search_term_string"}}],"inLanguage":"nl-BE"},{"@type":"Organization","@id":"https:\/\/srfb.be\/#organization","name":"Soci\u00e9t\u00e9 Royale Foresti\u00e8re De Belgique - Koninklijke Belgische Bosbouwmaatschappij","alternateName":"SRFB-KBBM","url":"https:\/\/srfb.be\/","logo":{"@type":"ImageObject","inLanguage":"nl-BE","@id":"https:\/\/srfb.be\/#\/schema\/logo\/image\/","url":"https:\/\/srfb.be\/wp-content\/uploads\/2019\/06\/android-chrome-256x256.png","contentUrl":"https:\/\/srfb.be\/wp-content\/uploads\/2019\/06\/android-chrome-256x256.png","width":1200,"height":1232,"caption":"Soci\u00e9t\u00e9 Royale Foresti\u00e8re De Belgique - Koninklijke Belgische Bosbouwmaatschappij"},"image":{"@id":"https:\/\/srfb.be\/#\/schema\/logo\/image\/"},"sameAs":["https:\/\/www.facebook.com\/srfb.be","https:\/\/www.instagram.com\/srfb_kbbm\/","https:\/\/www.linkedin.com\/company\/srfb-kbbm\/","https:\/\/www.youtube.com\/user\/srfbkbbm"]}]}},"_links":{"self":[{"href":"https:\/\/kbbm.be\/nl\/wp-json\/wp\/v2\/event_listing\/38926","targetHints":{"allow":["GET"]}}],"collection":[{"href":"https:\/\/kbbm.be\/nl\/wp-json\/wp\/v2\/event_listing"}],"about":[{"href":"https:\/\/kbbm.be\/nl\/wp-json\/wp\/v2\/types\/event_listing"}],"wp:featuredmedia":[{"embeddable":true,"href":"https:\/\/kbbm.be\/nl\/wp-json\/wp\/v2\/media\/7750"}],"wp:attachment":[{"href":"https:\/\/kbbm.be\/nl\/wp-json\/wp\/v2\/media?parent=38926"}],"wp:term":[{"taxonomy":"event_listing_category","embeddable":true,"href":"https:\/\/kbbm.be\/nl\/wp-json\/wp\/v2\/event_listing_category?post=38926"},{"taxonomy":"event_listing_type","embeddable":true,"href":"https:\/\/kbbm.be\/nl\/wp-json\/wp\/v2\/event_listing_type?post=38926"}],"curies":[{"name":"wp","href":"https:\/\/api.w.org\/{rel}","templated":true}]}}

<p>Activiteit voor alle leeftijden van ongeveer 1,5 km. Tussen kunst, bos en streekproducten, kom meer te weten over de boswereld. De dag zal met name ingaan op het multifunctioneel beheer van het bos in het kader van klimaatverandering... Zonder de gezellige omelet achterwege te laten! </p>



<p>Gedetailleerd programma van de dag en reservering bij de gids: <a href="mailto:louis.georges@skynet.be">louis.georges@skynet.be</a> </p>



<p>Reserveren noodzakelijk (max 25 personen), kleding aangepast aan het weer, toegankelijk voor mindervaliden, hond discreet en aangelijnd. Programma wordt na inschrijving gestuurd met de ingrediënten die meegenomen moeten worden voor de omelet.&nbsp;</p>



<p>De Koninklijke Belgische Bosbouwmaatschappij (KBBM) is een non-profitorganisatie die zich inzet voor bossen en bosbouwers. Haar Forest Friends-projecten zijn gericht op het grote publiek dat de bosomgeving wil leren kennen. De vrijwillige bosgidsen van de KBBM helpen je het bos te ontdekken als bron van leven, in nauw contact met de mens. </p>



<div class="wp-block-group has-grey-color-background-color has-background is-layout-constrained wp-container-core-group-is-layout-db32e940 wp-block-group-is-layout-constrained" style="padding-top:var(--wp--preset--spacing--60);padding-right:var(--wp--preset--spacing--60);padding-bottom:var(--wp--preset--spacing--60);padding-left:var(--wp--preset--spacing--60);font-style:normal;font-weight:700">
<p class="has-text-align-center">Deze activiteit maakt deel uit van het Festival International Nature Namur: <a href="https://www.festivalnaturenamur.be/" target="_blank" rel="noreferrer noopener">https://www.festivalnaturenamur.be/</a> </p>



<p class="has-text-align-center">Boekingen : <a href="mailto:louis.georges@skynet.be" target="_blank" rel="noreferrer noopener">louis.georges@skynet.be</a> </p>
</div>

<!-- This site is optimized with the Yoast SEO plugin v27.4 - https://yoast.com/product/yoast-seo-wordpress/ -->
<title>Sortie nature &quot;Art-Forêt-Terroir&quot; - Société Royale Forestière de Belgique</title>
<meta name="robots" content="index, follow, max-snippet:-1, max-image-preview:large, max-video-preview:-1" />
<link rel="canonical" href="https://srfb.be/formations/sortie-nature-art-foret-terroir-12-10-2025/" />
<meta property="og:locale" content="nl_BE" />
<meta property="og:type" content="article" />
<meta property="og:title" content="Sortie nature &quot;Art-Forêt-Terroir&quot; - Société Royale Forestière de Belgique" />
<meta property="og:description" content="Balade tout public d&rsquo;environ 1,5 km. Entre art, forêt et terroir, venez en apprendre plus sur le monde forestier. La journée abordera notamment la gestion multifonctionnelle de la forêt en prévision des changements climatiques&#8230; Sans oublier une omelette à déguster de manière conviviale !  Programme détaillé de la journée et réservation auprès du guide :... Read More" />
<meta property="og:url" content="https://srfb.be/formations/sortie-nature-art-foret-terroir-12-10-2025/" />
<meta property="og:site_name" content="Société Royale Forestière de Belgique" />
<meta property="article:publisher" content="https://www.facebook.com/srfb.be" />
<meta property="article:modified_time" content="2025-10-12T22:35:57+00:00" />
<meta property="og:image" content="https://srfb.be/wp-content/uploads/2019/07/logo_finn_1a93e.jpg" />
	<meta property="og:image:width" content="1024" />
	<meta property="og:image:height" content="576" />
	<meta property="og:image:type" content="image/jpeg" />
<script type="application/ld+json" class="yoast-schema-graph">{"@context":"https:\/\/schema.org","@graph":[{"@type":"WebPage","@id":"https:\/\/srfb.be\/formations\/sortie-nature-art-foret-terroir-12-10-2025\/","url":"https:\/\/srfb.be\/formations\/sortie-nature-art-foret-terroir-12-10-2025\/","name":"Sortie nature \"Art-Forêt-Terroir\" - Société Royale Forestière de Belgique","isPartOf":{"@id":"https:\/\/srfb.be\/#website"},"primaryImageOfPage":{"@id":"https:\/\/srfb.be\/formations\/sortie-nature-art-foret-terroir-12-10-2025\/#primaryimage"},"image":{"@id":"https:\/\/srfb.be\/formations\/sortie-nature-art-foret-terroir-12-10-2025\/#primaryimage"},"thumbnailUrl":"https:\/\/kbbm.be\/wp-content\/uploads\/2019\/07\/logo_finn_1a93e.jpg","datePublished":"2025-08-14T12:16:58+00:00","dateModified":"2025-10-12T22:35:57+00:00","breadcrumb":{"@id":"https:\/\/srfb.be\/formations\/sortie-nature-art-foret-terroir-12-10-2025\/#breadcrumb"},"inLanguage":"nl-BE","potentialAction":[{"@type":"ReadAction","target":["https:\/\/srfb.be\/formations\/sortie-nature-art-foret-terroir-12-10-2025\/"]}]},{"@type":"ImageObject","inLanguage":"nl-BE","@id":"https:\/\/srfb.be\/formations\/sortie-nature-art-foret-terroir-12-10-2025\/#primaryimage","url":"https:\/\/kbbm.be\/wp-content\/uploads\/2019\/07\/logo_finn_1a93e.jpg","contentUrl":"https:\/\/kbbm.be\/wp-content\/uploads\/2019\/07\/logo_finn_1a93e.jpg","width":1024,"height":576,"caption":"Festival International Nature Namur (FINN)"},{"@type":"BreadcrumbList","@id":"https:\/\/srfb.be\/formations\/sortie-nature-art-foret-terroir-12-10-2025\/#breadcrumb","itemListElement":[{"@type":"ListItem","position":1,"name":"Accueil","item":"https:\/\/srfb.be\/"},{"@type":"ListItem","position":2,"name":"Sortie nature « Art-Forêt-Terroir »"}]},{"@type":"WebSite","@id":"https:\/\/srfb.be\/#website","url":"https:\/\/srfb.be\/","name":"Société Royale Forestière de Belgique","description":"Au service de la forêt et des forestiers","publisher":{"@id":"https:\/\/srfb.be\/#organization"},"alternateName":"SRFB-KBBM","potentialAction":[{"@type":"SearchAction","target":{"@type":"EntryPoint","urlTemplate":"https:\/\/srfb.be\/?s={search_term_string}"},"query-input":{"@type":"PropertyValueSpecification","valueRequired":true,"valueName":"search_term_string"}}],"inLanguage":"nl-BE"},{"@type":"Organization","@id":"https:\/\/srfb.be\/#organization","name":"Société Royale Forestière De Belgique - Koninklijke Belgische Bosbouwmaatschappij","alternateName":"SRFB-KBBM","url":"https:\/\/srfb.be\/","logo":{"@type":"ImageObject","inLanguage":"nl-BE","@id":"https:\/\/srfb.be\/#\/schema\/logo\/image\/","url":"https:\/\/srfb.be\/wp-content\/uploads\/2019\/06\/android-chrome-256x256.png","contentUrl":"https:\/\/srfb.be\/wp-content\/uploads\/2019\/06\/android-chrome-256x256.png","width":1200,"height":1232,"caption":"Société Royale Forestière De Belgique - Koninklijke Belgische Bosbouwmaatschappij"},"image":{"@id":"https:\/\/srfb.be\/#\/schema\/logo\/image\/"},"sameAs":["https:\/\/www.facebook.com\/srfb.be","https:\/\/www.instagram.com\/srfb_kbbm\/","https:\/\/www.linkedin.com\/company\/srfb-kbbm\/","https:\/\/www.youtube.com\/user\/srfbkbbm"]}]}</script>
<!-- / Yoast SEO plugin. -->

Sortie nature "Art-Forêt-Terroir" - Société Royale Forestière de Belgique

Balade tout public d&rsquo;environ 1,5 km. Entre art, forêt et terroir, venez en apprendre plus sur le monde forestier. La journée abordera notamment la gestion multifonctionnelle de la forêt en prévision des changements climatiques&#8230; Sans oublier une omelette à déguster de manière conviviale !  Programme détaillé de la journée et réservation auprès du guide :... Read More

Société Royale Forestière de Belgique

Sortie nature « Art-Forêt-Terroir »

Société Royale Forestière De Belgique - Koninklijke Belgische Bosbouwmaatschappij
