{"id":38816,"date":"2025-07-08T14:41:36","date_gmt":"2025-07-08T12:41:36","guid":{"rendered":"https:\/\/srfb.be\/?post_type=event_listing&#038;p=38816"},"modified":"2025-08-25T00:35:50","modified_gmt":"2025-08-24T22:35:50","slug":"reconnexion-a-la-foret-se-reconnecter-a-sa-nature-20-08-2025","status":"expired","type":"event_listing","link":"https:\/\/kbbm.be\/nl\/old-formations\/reconnexion-a-la-foret-se-reconnecter-a-sa-nature-20-08-2025\/","title":{"rendered":"De gezondheidsvoordelen van het bos"},"content":{"rendered":"<p>De wetenschap heeft al meer dan 30 jaar enorme kennis opgebouwd over de voordelen van het contact met de natuur voor de menselijke gezondheid en balans. Philippe de Wouters (boswachter en gecertificeerde gids <a href=\"https:\/\/www.unature.org\/fr\/reconnexion-nature\" target=\"_blank\" rel=\"noreferrer noopener\">opnieuw in contact komen met de natuur<\/a>) en Fr\u00e9d\u00e9rique Miserocchi (fysiotherapeut en trainer in <a href=\"https:\/\/www.braingymbelgium.be\/fr\/2016-05-26-06-00-45\/2016-05-26-06-19-53.html\" target=\"_blank\" rel=\"noreferrer noopener\">Brain Gym\u00a9<\/a>nodigen u uit om <strong>een begeleiding van 3.30 uur<\/strong> in het midden van het bos. <strong>Voor iedereen vanaf 12 jaar<\/strong>.<\/p>\n\n\n\n<p>Kom een uniek moment beleven gebaseerd op voorbeelden en oefeningen om het contact met het bos te gebruiken voor uw mentale en fysieke gezondheid. Brain Gym is een benadering die de persoon als geheel benadert. Deze begeleiding zal u ook helpen om de verschillende delen van uw lichaam en uw natuur beter te herenigen.<\/p>","protected":false},"featured_media":38163,"template":"","meta":{"iawp_total_views":152},"event_listing_category":[732],"event_listing_type":[740],"class_list":["post-38816","event_listing","type-event_listing","status-expired","has-post-thumbnail","hentry","event_listing_category-forest-friends","event_listing_type-balade-guidee"],"yoast_head":"<!-- This site is optimized with the Yoast SEO plugin v27.4 - https:\/\/yoast.com\/product\/yoast-seo-wordpress\/ -->\n<title>Reconnexion : Les bienfaits de la for\u00eat sur notre sant\u00e9 - Soci\u00e9t\u00e9 Royale Foresti\u00e8re de Belgique<\/title>\n<meta name=\"robots\" content=\"index, follow, max-snippet:-1, max-image-preview:large, max-video-preview:-1\" \/>\n<link rel=\"canonical\" href=\"https:\/\/srfb.be\/formations\/reconnexion-a-la-foret-se-reconnecter-a-sa-nature-20-08-2025\/\" \/>\n<meta property=\"og:locale\" content=\"nl_BE\" \/>\n<meta property=\"og:type\" content=\"article\" \/>\n<meta property=\"og:title\" content=\"Reconnexion : Les bienfaits de la for\u00eat sur notre sant\u00e9 - Soci\u00e9t\u00e9 Royale Foresti\u00e8re de Belgique\" \/>\n<meta property=\"og:description\" content=\"La science a accumul\u00e9 depuis plus de 30 ans d\u2019immenses connaissances concernant les bienfaits de la connexion avec la nature sur la sant\u00e9 et l\u2019\u00e9quilibre humain. Philippe de Wouters (forestier et guide certifi\u00e9 reconnexion nature) et Fr\u00e9d\u00e9rique Miserocchi (kin\u00e9 et formatrice en Brain Gym\u00a9) vous invitent \u00e0 une guidance de 3h30 en pleine for\u00eat. Pour... Read More\" \/>\n<meta property=\"og:url\" content=\"https:\/\/srfb.be\/formations\/reconnexion-a-la-foret-se-reconnecter-a-sa-nature-20-08-2025\/\" \/>\n<meta property=\"og:site_name\" content=\"Soci\u00e9t\u00e9 Royale Foresti\u00e8re de Belgique\" \/>\n<meta property=\"article:publisher\" content=\"https:\/\/www.facebook.com\/srfb.be\" \/>\n<meta property=\"article:modified_time\" content=\"2025-08-24T22:35:50+00:00\" \/>\n<meta property=\"og:image\" content=\"https:\/\/srfb.be\/wp-content\/uploads\/2025\/03\/hand-tree.jpg\" \/>\n\t<meta property=\"og:image:width\" content=\"1280\" \/>\n\t<meta property=\"og:image:height\" content=\"960\" \/>\n\t<meta property=\"og:image:type\" content=\"image\/jpeg\" \/>\n<script type=\"application\/ld+json\" class=\"yoast-schema-graph\">{\"@context\":\"https:\\\/\\\/schema.org\",\"@graph\":[{\"@type\":\"WebPage\",\"@id\":\"https:\\\/\\\/srfb.be\\\/formations\\\/reconnexion-a-la-foret-se-reconnecter-a-sa-nature-20-08-2025\\\/\",\"url\":\"https:\\\/\\\/srfb.be\\\/formations\\\/reconnexion-a-la-foret-se-reconnecter-a-sa-nature-20-08-2025\\\/\",\"name\":\"Reconnexion : Les bienfaits de la for\u00eat sur notre sant\u00e9 - Soci\u00e9t\u00e9 Royale Foresti\u00e8re de Belgique\",\"isPartOf\":{\"@id\":\"https:\\\/\\\/srfb.be\\\/#website\"},\"primaryImageOfPage\":{\"@id\":\"https:\\\/\\\/srfb.be\\\/formations\\\/reconnexion-a-la-foret-se-reconnecter-a-sa-nature-20-08-2025\\\/#primaryimage\"},\"image\":{\"@id\":\"https:\\\/\\\/srfb.be\\\/formations\\\/reconnexion-a-la-foret-se-reconnecter-a-sa-nature-20-08-2025\\\/#primaryimage\"},\"thumbnailUrl\":\"https:\\\/\\\/kbbm.be\\\/wp-content\\\/uploads\\\/2025\\\/03\\\/hand-tree.jpg\",\"datePublished\":\"2025-07-08T12:41:36+00:00\",\"dateModified\":\"2025-08-24T22:35:50+00:00\",\"breadcrumb\":{\"@id\":\"https:\\\/\\\/srfb.be\\\/formations\\\/reconnexion-a-la-foret-se-reconnecter-a-sa-nature-20-08-2025\\\/#breadcrumb\"},\"inLanguage\":\"nl-BE\",\"potentialAction\":[{\"@type\":\"ReadAction\",\"target\":[\"https:\\\/\\\/srfb.be\\\/formations\\\/reconnexion-a-la-foret-se-reconnecter-a-sa-nature-20-08-2025\\\/\"]}]},{\"@type\":\"ImageObject\",\"inLanguage\":\"nl-BE\",\"@id\":\"https:\\\/\\\/srfb.be\\\/formations\\\/reconnexion-a-la-foret-se-reconnecter-a-sa-nature-20-08-2025\\\/#primaryimage\",\"url\":\"https:\\\/\\\/kbbm.be\\\/wp-content\\\/uploads\\\/2025\\\/03\\\/hand-tree.jpg\",\"contentUrl\":\"https:\\\/\\\/kbbm.be\\\/wp-content\\\/uploads\\\/2025\\\/03\\\/hand-tree.jpg\",\"width\":1280,\"height\":960,\"caption\":\"Main droite sur un arbre\"},{\"@type\":\"BreadcrumbList\",\"@id\":\"https:\\\/\\\/srfb.be\\\/formations\\\/reconnexion-a-la-foret-se-reconnecter-a-sa-nature-20-08-2025\\\/#breadcrumb\",\"itemListElement\":[{\"@type\":\"ListItem\",\"position\":1,\"name\":\"Accueil\",\"item\":\"https:\\\/\\\/srfb.be\\\/\"},{\"@type\":\"ListItem\",\"position\":2,\"name\":\"Reconnexion : Les bienfaits de la for\u00eat sur notre sant\u00e9\"}]},{\"@type\":\"WebSite\",\"@id\":\"https:\\\/\\\/srfb.be\\\/#website\",\"url\":\"https:\\\/\\\/srfb.be\\\/\",\"name\":\"Soci\u00e9t\u00e9 Royale Foresti\u00e8re de Belgique\",\"description\":\"Au service de la for\u00eat et des forestiers\",\"publisher\":{\"@id\":\"https:\\\/\\\/srfb.be\\\/#organization\"},\"alternateName\":\"SRFB-KBBM\",\"potentialAction\":[{\"@type\":\"SearchAction\",\"target\":{\"@type\":\"EntryPoint\",\"urlTemplate\":\"https:\\\/\\\/srfb.be\\\/?s={search_term_string}\"},\"query-input\":{\"@type\":\"PropertyValueSpecification\",\"valueRequired\":true,\"valueName\":\"search_term_string\"}}],\"inLanguage\":\"nl-BE\"},{\"@type\":\"Organization\",\"@id\":\"https:\\\/\\\/srfb.be\\\/#organization\",\"name\":\"Soci\u00e9t\u00e9 Royale Foresti\u00e8re De Belgique - Koninklijke Belgische Bosbouwmaatschappij\",\"alternateName\":\"SRFB-KBBM\",\"url\":\"https:\\\/\\\/srfb.be\\\/\",\"logo\":{\"@type\":\"ImageObject\",\"inLanguage\":\"nl-BE\",\"@id\":\"https:\\\/\\\/srfb.be\\\/#\\\/schema\\\/logo\\\/image\\\/\",\"url\":\"https:\\\/\\\/srfb.be\\\/wp-content\\\/uploads\\\/2019\\\/06\\\/android-chrome-256x256.png\",\"contentUrl\":\"https:\\\/\\\/srfb.be\\\/wp-content\\\/uploads\\\/2019\\\/06\\\/android-chrome-256x256.png\",\"width\":1200,\"height\":1232,\"caption\":\"Soci\u00e9t\u00e9 Royale Foresti\u00e8re De Belgique - Koninklijke Belgische Bosbouwmaatschappij\"},\"image\":{\"@id\":\"https:\\\/\\\/srfb.be\\\/#\\\/schema\\\/logo\\\/image\\\/\"},\"sameAs\":[\"https:\\\/\\\/www.facebook.com\\\/srfb.be\",\"https:\\\/\\\/www.instagram.com\\\/srfb_kbbm\\\/\",\"https:\\\/\\\/www.linkedin.com\\\/company\\\/srfb-kbbm\\\/\",\"https:\\\/\\\/www.youtube.com\\\/user\\\/srfbkbbm\"]}]}<\/script>\n<!-- \/ Yoast SEO plugin. -->","yoast_head_json":{"title":"Herverbinding: De voordelen van het bos voor onze gezondheid - Koninklijke Belgische Bosbouwmaatschappij","robots":{"index":"index","follow":"follow","max-snippet":"max-snippet:-1","max-image-preview":"max-image-preview:large","max-video-preview":"max-video-preview:-1"},"canonical":"https:\/\/srfb.be\/formations\/reconnexion-a-la-foret-se-reconnecter-a-sa-nature-20-08-2025\/","og_locale":"nl_BE","og_type":"article","og_title":"Reconnexion : Les bienfaits de la for\u00eat sur notre sant\u00e9 - Soci\u00e9t\u00e9 Royale Foresti\u00e8re de Belgique","og_description":"La science a accumul\u00e9 depuis plus de 30 ans d\u2019immenses connaissances concernant les bienfaits de la connexion avec la nature sur la sant\u00e9 et l\u2019\u00e9quilibre humain. Philippe de Wouters (forestier et guide certifi\u00e9 reconnexion nature) et Fr\u00e9d\u00e9rique Miserocchi (kin\u00e9 et formatrice en Brain Gym\u00a9) vous invitent \u00e0 une guidance de 3h30 en pleine for\u00eat. Pour... Read More","og_url":"https:\/\/srfb.be\/formations\/reconnexion-a-la-foret-se-reconnecter-a-sa-nature-20-08-2025\/","og_site_name":"Soci\u00e9t\u00e9 Royale Foresti\u00e8re de Belgique","article_publisher":"https:\/\/www.facebook.com\/srfb.be","article_modified_time":"2025-08-24T22:35:50+00:00","og_image":[{"width":1280,"height":960,"url":"https:\/\/srfb.be\/wp-content\/uploads\/2025\/03\/hand-tree.jpg","type":"image\/jpeg"}],"schema":{"@context":"https:\/\/schema.org","@graph":[{"@type":"WebPage","@id":"https:\/\/srfb.be\/formations\/reconnexion-a-la-foret-se-reconnecter-a-sa-nature-20-08-2025\/","url":"https:\/\/srfb.be\/formations\/reconnexion-a-la-foret-se-reconnecter-a-sa-nature-20-08-2025\/","name":"Herverbinding: De voordelen van het bos voor onze gezondheid - Koninklijke Belgische Bosbouwmaatschappij","isPartOf":{"@id":"https:\/\/srfb.be\/#website"},"primaryImageOfPage":{"@id":"https:\/\/srfb.be\/formations\/reconnexion-a-la-foret-se-reconnecter-a-sa-nature-20-08-2025\/#primaryimage"},"image":{"@id":"https:\/\/srfb.be\/formations\/reconnexion-a-la-foret-se-reconnecter-a-sa-nature-20-08-2025\/#primaryimage"},"thumbnailUrl":"https:\/\/kbbm.be\/wp-content\/uploads\/2025\/03\/hand-tree.jpg","datePublished":"2025-07-08T12:41:36+00:00","dateModified":"2025-08-24T22:35:50+00:00","breadcrumb":{"@id":"https:\/\/srfb.be\/formations\/reconnexion-a-la-foret-se-reconnecter-a-sa-nature-20-08-2025\/#breadcrumb"},"inLanguage":"nl-BE","potentialAction":[{"@type":"ReadAction","target":["https:\/\/srfb.be\/formations\/reconnexion-a-la-foret-se-reconnecter-a-sa-nature-20-08-2025\/"]}]},{"@type":"ImageObject","inLanguage":"nl-BE","@id":"https:\/\/srfb.be\/formations\/reconnexion-a-la-foret-se-reconnecter-a-sa-nature-20-08-2025\/#primaryimage","url":"https:\/\/kbbm.be\/wp-content\/uploads\/2025\/03\/hand-tree.jpg","contentUrl":"https:\/\/kbbm.be\/wp-content\/uploads\/2025\/03\/hand-tree.jpg","width":1280,"height":960,"caption":"Main droite sur un arbre"},{"@type":"BreadcrumbList","@id":"https:\/\/srfb.be\/formations\/reconnexion-a-la-foret-se-reconnecter-a-sa-nature-20-08-2025\/#breadcrumb","itemListElement":[{"@type":"ListItem","position":1,"name":"Accueil","item":"https:\/\/srfb.be\/"},{"@type":"ListItem","position":2,"name":"Reconnexion : Les bienfaits de la for\u00eat sur notre sant\u00e9"}]},{"@type":"WebSite","@id":"https:\/\/srfb.be\/#website","url":"https:\/\/srfb.be\/","name":"Koninklijke Belgische Bosbouwmaatschappij","description":"Ten dienste van het bos en de bosbouwers","publisher":{"@id":"https:\/\/srfb.be\/#organization"},"alternateName":"SRFB-KBBM","potentialAction":[{"@type":"SearchAction","target":{"@type":"EntryPoint","urlTemplate":"https:\/\/srfb.be\/?s={search_term_string}"},"query-input":{"@type":"PropertyValueSpecification","valueRequired":true,"valueName":"search_term_string"}}],"inLanguage":"nl-BE"},{"@type":"Organization","@id":"https:\/\/srfb.be\/#organization","name":"Soci\u00e9t\u00e9 Royale Foresti\u00e8re De Belgique - Koninklijke Belgische Bosbouwmaatschappij","alternateName":"SRFB-KBBM","url":"https:\/\/srfb.be\/","logo":{"@type":"ImageObject","inLanguage":"nl-BE","@id":"https:\/\/srfb.be\/#\/schema\/logo\/image\/","url":"https:\/\/srfb.be\/wp-content\/uploads\/2019\/06\/android-chrome-256x256.png","contentUrl":"https:\/\/srfb.be\/wp-content\/uploads\/2019\/06\/android-chrome-256x256.png","width":1200,"height":1232,"caption":"Soci\u00e9t\u00e9 Royale Foresti\u00e8re De Belgique - Koninklijke Belgische Bosbouwmaatschappij"},"image":{"@id":"https:\/\/srfb.be\/#\/schema\/logo\/image\/"},"sameAs":["https:\/\/www.facebook.com\/srfb.be","https:\/\/www.instagram.com\/srfb_kbbm\/","https:\/\/www.linkedin.com\/company\/srfb-kbbm\/","https:\/\/www.youtube.com\/user\/srfbkbbm"]}]}},"_links":{"self":[{"href":"https:\/\/kbbm.be\/nl\/wp-json\/wp\/v2\/event_listing\/38816","targetHints":{"allow":["GET"]}}],"collection":[{"href":"https:\/\/kbbm.be\/nl\/wp-json\/wp\/v2\/event_listing"}],"about":[{"href":"https:\/\/kbbm.be\/nl\/wp-json\/wp\/v2\/types\/event_listing"}],"wp:featuredmedia":[{"embeddable":true,"href":"https:\/\/kbbm.be\/nl\/wp-json\/wp\/v2\/media\/38163"}],"wp:attachment":[{"href":"https:\/\/kbbm.be\/nl\/wp-json\/wp\/v2\/media?parent=38816"}],"wp:term":[{"taxonomy":"event_listing_category","embeddable":true,"href":"https:\/\/kbbm.be\/nl\/wp-json\/wp\/v2\/event_listing_category?post=38816"},{"taxonomy":"event_listing_type","embeddable":true,"href":"https:\/\/kbbm.be\/nl\/wp-json\/wp\/v2\/event_listing_type?post=38816"}],"curies":[{"name":"wp","href":"https:\/\/api.w.org\/{rel}","templated":true}]}}

<p>De wetenschap heeft al meer dan 30 jaar enorme kennis opgebouwd over de voordelen van het contact met de natuur voor de menselijke gezondheid en balans. Philippe de Wouters (boswachter en gecertificeerde gids <a href="https://www.unature.org/fr/reconnexion-nature" target="_blank" rel="noreferrer noopener">opnieuw in contact komen met de natuur</a>) en Frédérique Miserocchi (fysiotherapeut en trainer in <a href="https://www.braingymbelgium.be/fr/2016-05-26-06-00-45/2016-05-26-06-19-53.html" target="_blank" rel="noreferrer noopener">Brain Gym©</a>nodigen u uit om <strong>een begeleiding van 3.30 uur</strong> in het midden van het bos. <strong>Voor iedereen vanaf 12 jaar</strong>.</p>



<p>Kom een uniek moment beleven gebaseerd op voorbeelden en oefeningen om het contact met het bos te gebruiken voor uw mentale en fysieke gezondheid. Brain Gym is een benadering die de persoon als geheel benadert. Deze begeleiding zal u ook helpen om de verschillende delen van uw lichaam en uw natuur beter te herenigen.</p>

<!-- This site is optimized with the Yoast SEO plugin v27.4 - https://yoast.com/product/yoast-seo-wordpress/ -->
<title>Reconnexion : Les bienfaits de la forêt sur notre santé - Société Royale Forestière de Belgique</title>
<meta name="robots" content="index, follow, max-snippet:-1, max-image-preview:large, max-video-preview:-1" />
<link rel="canonical" href="https://srfb.be/formations/reconnexion-a-la-foret-se-reconnecter-a-sa-nature-20-08-2025/" />
<meta property="og:locale" content="nl_BE" />
<meta property="og:type" content="article" />
<meta property="og:title" content="Reconnexion : Les bienfaits de la forêt sur notre santé - Société Royale Forestière de Belgique" />
<meta property="og:description" content="La science a accumulé depuis plus de 30 ans d’immenses connaissances concernant les bienfaits de la connexion avec la nature sur la santé et l’équilibre humain. Philippe de Wouters (forestier et guide certifié reconnexion nature) et Frédérique Miserocchi (kiné et formatrice en Brain Gym©) vous invitent à une guidance de 3h30 en pleine forêt. Pour... Read More" />
<meta property="og:url" content="https://srfb.be/formations/reconnexion-a-la-foret-se-reconnecter-a-sa-nature-20-08-2025/" />
<meta property="og:site_name" content="Société Royale Forestière de Belgique" />
<meta property="article:publisher" content="https://www.facebook.com/srfb.be" />
<meta property="article:modified_time" content="2025-08-24T22:35:50+00:00" />
<meta property="og:image" content="https://srfb.be/wp-content/uploads/2025/03/hand-tree.jpg" />
	<meta property="og:image:width" content="1280" />
	<meta property="og:image:height" content="960" />
	<meta property="og:image:type" content="image/jpeg" />
<script type="application/ld+json" class="yoast-schema-graph">{"@context":"https:\/\/schema.org","@graph":[{"@type":"WebPage","@id":"https:\/\/srfb.be\/formations\/reconnexion-a-la-foret-se-reconnecter-a-sa-nature-20-08-2025\/","url":"https:\/\/srfb.be\/formations\/reconnexion-a-la-foret-se-reconnecter-a-sa-nature-20-08-2025\/","name":"Reconnexion : Les bienfaits de la forêt sur notre santé - Société Royale Forestière de Belgique","isPartOf":{"@id":"https:\/\/srfb.be\/#website"},"primaryImageOfPage":{"@id":"https:\/\/srfb.be\/formations\/reconnexion-a-la-foret-se-reconnecter-a-sa-nature-20-08-2025\/#primaryimage"},"image":{"@id":"https:\/\/srfb.be\/formations\/reconnexion-a-la-foret-se-reconnecter-a-sa-nature-20-08-2025\/#primaryimage"},"thumbnailUrl":"https:\/\/kbbm.be\/wp-content\/uploads\/2025\/03\/hand-tree.jpg","datePublished":"2025-07-08T12:41:36+00:00","dateModified":"2025-08-24T22:35:50+00:00","breadcrumb":{"@id":"https:\/\/srfb.be\/formations\/reconnexion-a-la-foret-se-reconnecter-a-sa-nature-20-08-2025\/#breadcrumb"},"inLanguage":"nl-BE","potentialAction":[{"@type":"ReadAction","target":["https:\/\/srfb.be\/formations\/reconnexion-a-la-foret-se-reconnecter-a-sa-nature-20-08-2025\/"]}]},{"@type":"ImageObject","inLanguage":"nl-BE","@id":"https:\/\/srfb.be\/formations\/reconnexion-a-la-foret-se-reconnecter-a-sa-nature-20-08-2025\/#primaryimage","url":"https:\/\/kbbm.be\/wp-content\/uploads\/2025\/03\/hand-tree.jpg","contentUrl":"https:\/\/kbbm.be\/wp-content\/uploads\/2025\/03\/hand-tree.jpg","width":1280,"height":960,"caption":"Main droite sur un arbre"},{"@type":"BreadcrumbList","@id":"https:\/\/srfb.be\/formations\/reconnexion-a-la-foret-se-reconnecter-a-sa-nature-20-08-2025\/#breadcrumb","itemListElement":[{"@type":"ListItem","position":1,"name":"Accueil","item":"https:\/\/srfb.be\/"},{"@type":"ListItem","position":2,"name":"Reconnexion : Les bienfaits de la forêt sur notre santé"}]},{"@type":"WebSite","@id":"https:\/\/srfb.be\/#website","url":"https:\/\/srfb.be\/","name":"Société Royale Forestière de Belgique","description":"Au service de la forêt et des forestiers","publisher":{"@id":"https:\/\/srfb.be\/#organization"},"alternateName":"SRFB-KBBM","potentialAction":[{"@type":"SearchAction","target":{"@type":"EntryPoint","urlTemplate":"https:\/\/srfb.be\/?s={search_term_string}"},"query-input":{"@type":"PropertyValueSpecification","valueRequired":true,"valueName":"search_term_string"}}],"inLanguage":"nl-BE"},{"@type":"Organization","@id":"https:\/\/srfb.be\/#organization","name":"Société Royale Forestière De Belgique - Koninklijke Belgische Bosbouwmaatschappij","alternateName":"SRFB-KBBM","url":"https:\/\/srfb.be\/","logo":{"@type":"ImageObject","inLanguage":"nl-BE","@id":"https:\/\/srfb.be\/#\/schema\/logo\/image\/","url":"https:\/\/srfb.be\/wp-content\/uploads\/2019\/06\/android-chrome-256x256.png","contentUrl":"https:\/\/srfb.be\/wp-content\/uploads\/2019\/06\/android-chrome-256x256.png","width":1200,"height":1232,"caption":"Société Royale Forestière De Belgique - Koninklijke Belgische Bosbouwmaatschappij"},"image":{"@id":"https:\/\/srfb.be\/#\/schema\/logo\/image\/"},"sameAs":["https:\/\/www.facebook.com\/srfb.be","https:\/\/www.instagram.com\/srfb_kbbm\/","https:\/\/www.linkedin.com\/company\/srfb-kbbm\/","https:\/\/www.youtube.com\/user\/srfbkbbm"]}]}</script>
<!-- / Yoast SEO plugin. -->

Reconnexion : Les bienfaits de la forêt sur notre santé - Société Royale Forestière de Belgique

La science a accumulé depuis plus de 30 ans d’immenses connaissances concernant les bienfaits de la connexion avec la nature sur la santé et l’équilibre humain. Philippe de Wouters (forestier et guide certifié reconnexion nature) et Frédérique Miserocchi (kiné et formatrice en Brain Gym©) vous invitent à une guidance de 3h30 en pleine forêt. Pour... Read More

Société Royale Forestière de Belgique

Reconnexion : Les bienfaits de la forêt sur notre santé

Société Royale Forestière De Belgique - Koninklijke Belgische Bosbouwmaatschappij
