{"version":"1.0","provider_name":"Royal Forestry Society of Belgium","provider_url":"https:\/\/kbbm.be\/en","author_name":"C\u00e9dric Staes","author_url":"https:\/\/kbbm.be\/en\/author\/cedric-staessrfb-kbbm-be\/","title":"La certification foresti\u00e8re en entreprise - Soci\u00e9t\u00e9 Royale Foresti\u00e8re de Belgique","type":"rich","width":600,"height":338,"html":"<blockquote class=\"wp-embedded-content\" data-secret=\"czoN1nOdfu\"><a href=\"https:\/\/kbbm.be\/en\/old-formations\/la-certification-forestiere-en-entreprise-2024\/\">Forestry certification for companies<\/a><\/blockquote><iframe sandbox=\"allow-scripts\" security=\"restricted\" src=\"https:\/\/kbbm.be\/en\/old-formations\/la-certification-forestiere-en-entreprise-2024\/embed\/#?secret=czoN1nOdfu\" width=\"600\" height=\"338\" title=\"\u201cForest Certification in Business - Royal Belgian Forestry Society\" data-secret=\"czoN1nOdfu\" frameborder=\"0\" marginwidth=\"0\" marginheight=\"0\" scrolling=\"no\" class=\"wp-embedded-content\"><\/iframe><script type=\"text\/javascript\">\n\/* <![CDATA[ *\/\n\/*! This file is auto-generated *\/\n!function(d,l){\"use strict\";l.querySelector&&d.addEventListener&&\"undefined\"!=typeof URL&&(d.wp=d.wp||{},d.wp.receiveEmbedMessage||(d.wp.receiveEmbedMessage=function(e){var t=e.data;if((t||t.secret||t.message||t.value)&&!\/[^a-zA-Z0-9]\/.test(t.secret)){for(var s,r,n,a=l.querySelectorAll('iframe[data-secret=\"'+t.secret+'\"]'),o=l.querySelectorAll('blockquote[data-secret=\"'+t.secret+'\"]'),c=new RegExp(\"^https?:$\",\"i\"),i=0;i<o.length;i++)o[i].style.display=\"none\";for(i=0;i<a.length;i++)s=a[i],e.source===s.contentWindow&&(s.removeAttribute(\"style\"),\"height\"===t.message?(1e3<(r=parseInt(t.value,10))?r=1e3:~~r<200&&(r=200),s.height=r):\"link\"===t.message&&(r=new URL(s.getAttribute(\"src\")),n=new URL(t.value),c.test(n.protocol))&&n.host===r.host&&l.activeElement===s&&(d.top.location.href=t.value))}},d.addEventListener(\"message\",d.wp.receiveEmbedMessage,!1),l.addEventListener(\"DOMContentLoaded\",function(){for(var e,t,s=l.querySelectorAll(\"iframe.wp-embedded-content\"),r=0;r<s.length;r++)(t=(e=s[r]).getAttribute(\"data-secret\"))||(t=Math.random().toString(36).substring(2,12),e.src+=\"#?secret=\"+t,e.setAttribute(\"data-secret\",t)),e.contentWindow.postMessage({message:\"ready\",secret:t},\"*\")},!1)))}(window,document);\n\/\/# sourceURL=https:\/\/kbbm.be\/wp-includes\/js\/wp-embed.min.js\n\/* ]]> *\/\n<\/script>","thumbnail_url":"https:\/\/srfb.be\/wp-content\/uploads\/2019\/07\/c_SRFB_PEFC-018.jpg","thumbnail_width":1700,"thumbnail_height":1275,"description":"Objectifs Dans un contexte de changements climatiques et de crises sanitaires, la gestion durable de nos for\u00eats est au c\u0153ur des d\u00e9bats. Le propri\u00e9taire forestier doit rendre sa for\u00eat r\u00e9siliente et assurer un \u00e9quilibre entre ses diff\u00e9rentes fonctions (\u00e9cologiques, \u00e9conomiques et sociales). De leur c\u00f4t\u00e9, les entreprises et les consommateurs accordent une importance croissante \u00e0... Read More"}

Cédric Staes

La certification forestière en entreprise - Société Royale Forestière de Belgique

Objectifs Dans un contexte de changements climatiques et de crises sanitaires, la gestion durable de nos forêts est au cœur des débats. Le propriétaire forestier doit rendre sa forêt résiliente et assurer un équilibre entre ses différentes fonctions (écologiques, économiques et sociales). De leur côté, les entreprises et les consommateurs accordent une importance croissante à... Read More
