{"version":"1.0","provider_name":"K\u00f6nigliche Forstverein Belgiens","provider_url":"https:\/\/kbbm.be\/de","author_name":"Pascaline Leruth","author_url":"https:\/\/kbbm.be\/de\/author\/pascaline\/","title":"Mieux se comprendre en for\u00eat avec Thomas d'Ansembourg - Soci\u00e9t\u00e9 Royale Foresti\u00e8re de Belgique","type":"rich","width":600,"height":338,"html":"<blockquote class=\"wp-embedded-content\" data-secret=\"iXNaBL4KOA\"><a href=\"https:\/\/kbbm.be\/de\/old-formations\/soiree-avec-thomas-dansembourg\/\">Sich selbst im Wald besser verstehen mit Thomas d'Ansembourg<\/a><\/blockquote><iframe sandbox=\"allow-scripts\" security=\"restricted\" src=\"https:\/\/kbbm.be\/de\/old-formations\/soiree-avec-thomas-dansembourg\/embed\/#?secret=iXNaBL4KOA\" width=\"600\" height=\"338\" title=\"&#8222;Mieux se comprendre en for\u00eat avec Thomas d&rsquo;Ansembourg&#8220; &#8211; Soci\u00e9t\u00e9 Royale Foresti\u00e8re de Belgique\" data-secret=\"iXNaBL4KOA\" frameborder=\"0\" marginwidth=\"0\" marginheight=\"0\" scrolling=\"no\" class=\"wp-embedded-content\"><\/iframe><script type=\"text\/javascript\">\n\/* <![CDATA[ *\/\n\/*! This file is auto-generated *\/\n!function(d,l){\"use strict\";l.querySelector&&d.addEventListener&&\"undefined\"!=typeof URL&&(d.wp=d.wp||{},d.wp.receiveEmbedMessage||(d.wp.receiveEmbedMessage=function(e){var t=e.data;if((t||t.secret||t.message||t.value)&&!\/[^a-zA-Z0-9]\/.test(t.secret)){for(var s,r,n,a=l.querySelectorAll('iframe[data-secret=\"'+t.secret+'\"]'),o=l.querySelectorAll('blockquote[data-secret=\"'+t.secret+'\"]'),c=new RegExp(\"^https?:$\",\"i\"),i=0;i<o.length;i++)o[i].style.display=\"none\";for(i=0;i<a.length;i++)s=a[i],e.source===s.contentWindow&&(s.removeAttribute(\"style\"),\"height\"===t.message?(1e3<(r=parseInt(t.value,10))?r=1e3:~~r<200&&(r=200),s.height=r):\"link\"===t.message&&(r=new URL(s.getAttribute(\"src\")),n=new URL(t.value),c.test(n.protocol))&&n.host===r.host&&l.activeElement===s&&(d.top.location.href=t.value))}},d.addEventListener(\"message\",d.wp.receiveEmbedMessage,!1),l.addEventListener(\"DOMContentLoaded\",function(){for(var e,t,s=l.querySelectorAll(\"iframe.wp-embedded-content\"),r=0;r<s.length;r++)(t=(e=s[r]).getAttribute(\"data-secret\"))||(t=Math.random().toString(36).substring(2,12),e.src+=\"#?secret=\"+t,e.setAttribute(\"data-secret\",t)),e.contentWindow.postMessage({message:\"ready\",secret:t},\"*\")},!1)))}(window,document);\n\/\/# sourceURL=https:\/\/kbbm.be\/wp-includes\/js\/wp-embed.min.js\n\/* ]]> *\/\n<\/script>","thumbnail_url":"https:\/\/srfb.be\/wp-content\/uploads\/2023\/10\/Th_d_Ansembourg-scaled-scaled.jpg","thumbnail_width":2560,"thumbnail_height":1707,"description":"Soir\u00e9e d&rsquo;\u00e9changes et d&rsquo;informations Entre accueil du public et respect de la propri\u00e9t\u00e9 priv\u00e9e, les for\u00eats deviennent parfois lieux de conflits entre les propri\u00e9taires et les usagers. Les enjeux environnementaux tels que les changements climatiques ou la perte de biodiversit\u00e9, ainsi qu\u2019une demande grandissante pour les activit\u00e9s socio-r\u00e9cr\u00e9atives attirent \u00e9galement l\u2019attention d\u2019un public de plus... Read More"}

Königliche Forstverein Belgiens

Mieux se comprendre en forêt avec Thomas d'Ansembourg - Société Royale Forestière de Belgique

<blockquote class="wp-embedded-content" data-secret="iXNaBL4KOA"><a href="https://kbbm.be/de/old-formations/soiree-avec-thomas-dansembourg/">Sich selbst im Wald besser verstehen mit Thomas d'Ansembourg</a></blockquote><iframe sandbox="allow-scripts" security="restricted" src="https://kbbm.be/de/old-formations/soiree-avec-thomas-dansembourg/embed/#?secret=iXNaBL4KOA" width="600" height="338" title="&#8222;Mieux se comprendre en forêt avec Thomas d&rsquo;Ansembourg&#8220; &#8211; Société Royale Forestière de Belgique" data-secret="iXNaBL4KOA" frameborder="0" marginwidth="0" marginheight="0" scrolling="no" class="wp-embedded-content"></iframe><script type="text/javascript">
/* <![CDATA[ */
/*! This file is auto-generated */
!function(d,l){"use strict";l.querySelector&&d.addEventListener&&"undefined"!=typeof URL&&(d.wp=d.wp||{},d.wp.receiveEmbedMessage||(d.wp.receiveEmbedMessage=function(e){var t=e.data;if((t||t.secret||t.message||t.value)&&!/[^a-zA-Z0-9]/.test(t.secret)){for(var s,r,n,a=l.querySelectorAll('iframe[data-secret="'+t.secret+'"]'),o=l.querySelectorAll('blockquote[data-secret="'+t.secret+'"]'),c=new RegExp("^https?:$","i"),i=0;i<o.length;i++)o[i].style.display="none";for(i=0;i<a.length;i++)s=a[i],e.source===s.contentWindow&&(s.removeAttribute("style"),"height"===t.message?(1e3<(r=parseInt(t.value,10))?r=1e3:~~r<200&&(r=200),s.height=r):"link"===t.message&&(r=new URL(s.getAttribute("src")),n=new URL(t.value),c.test(n.protocol))&&n.host===r.host&&l.activeElement===s&&(d.top.location.href=t.value))}},d.addEventListener("message",d.wp.receiveEmbedMessage,!1),l.addEventListener("DOMContentLoaded",function(){for(var e,t,s=l.querySelectorAll("iframe.wp-embedded-content"),r=0;r<s.length;r++)(t=(e=s[r]).getAttribute("data-secret"))||(t=Math.random().toString(36).substring(2,12),e.src+="#?secret="+t,e.setAttribute("data-secret",t)),e.contentWindow.postMessage({message:"ready",secret:t},"*")},!1)))}(window,document);
//# sourceURL=https://kbbm.be/wp-includes/js/wp-embed.min.js
/* ]]> */
</script>

Soirée d&rsquo;échanges et d&rsquo;informations Entre accueil du public et respect de la propriété privée, les forêts deviennent parfois lieux de conflits entre les propriétaires et les usagers. Les enjeux environnementaux tels que les changements climatiques ou la perte de biodiversité, ainsi qu’une demande grandissante pour les activités socio-récréatives attirent également l’attention d’un public de plus... Read More
